What are the prime factors of 254140?
2, 5, 97, 131
What are the prime factors of 20574859?
967, 21277
List the prime factors of 4430047.
17, 37, 7043
List the prime factors of 8724164.
2, 1399, 1559
List the prime factors of 28947.
3, 9649
List the prime factors of 11950645.
5, 7, 341447
List the prime factors of 951755.
5, 7, 71, 383
What are the prime factors of 921693?
3, 79, 3889
List the prime factors of 609979.
609979
What are the prime factors of 101984?
2, 3187
List the prime factors of 848675.
5, 83, 409
List the prime factors of 1058392.
2, 132299
What are the prime factors of 17783051?
11, 13, 37, 3361
What are the prime factors of 30193879?
79, 229, 1669
List the prime factors of 3226953.
3, 1075651
What are the prime factors of 277577?
277577
What are the prime factors of 2169805?
5, 11, 39451
What are the prime factors of 109246?
2, 54623
What are the prime factors of 3058298?
2, 1529149
What are the prime factors of 255785?
5, 51157
What are the prime factors of 1490575?
5, 109, 547
What are the prime factors of 11792?
2, 11, 67
List the prime factors of 219112.
2, 61, 449
List the prime factors of 768681.
3, 223, 383
List the prime factors of 1150165.
5, 19, 12107
List the prime factors of 407999.
37, 11027
List the prime factors of 550716.
2, 3, 45893
What are the prime factors of 1535015?
5, 17, 18059
What are the prime factors of 2454847?
2454847
List the prime factors of 6420812.
2, 401, 4003
List the prime factors of 1619073.
3, 179897
What are the prime factors of 6805835?
5, 47, 28961
What are the prime factors of 416271?
3, 19, 67, 109
What are the prime factors of 78168?
2, 3, 3257
List the prime factors of 7981497.
3, 211, 467
List the prime factors of 46863.
3, 41, 127
What are the prime factors of 17987545?
5, 43, 83663
What are the prime factors of 14356572?
2, 3, 197, 6073
What are the prime factors of 12296994?
2, 3, 409, 5011
List the prime factors of 192249.
3, 41, 521
List the prime factors of 282019.
282019
What are the prime factors of 9209903?
17, 541759
List the prime factors of 12419.
11, 1129
What are the prime factors of 2556059?
11, 23, 10103
List the prime factors of 138786.
2, 3, 23131
What are the prime factors of 4023574?
2, 23, 3803
List the prime factors of 3146974.
2, 1573487
What are the prime factors of 1006911?
3, 31, 401
List the prime factors of 10053593.
11, 61, 14983
What are the prime factors of 95670?
2, 3, 5, 1063
List the prime factors of 12793319.
7, 11, 166147
What are the prime factors of 47893?
47, 1019
What are the prime factors of 994519?
653, 1523
What are the prime factors of 119151?
3, 1471
What are the prime factors of 1906008?
2, 3, 13, 41, 149
What are the prime factors of 7898852?
2, 13, 151901
What are the prime factors of 26615259?
3, 11, 268841
What are the prime factors of 1036789?
13, 173, 461
What are the prime factors of 92637?
3, 47, 73
What are the prime factors of 3641050?
2, 5, 7, 101, 103
What are the prime factors of 4023441?
3, 17, 26297
List the prime factors of 1319878.
2, 7, 23, 4099
What are the prime factors of 2626829?
41, 79, 811
What are the prime factors of 10426757?
11, 31, 30577
What are the prime factors of 25637028?
2, 3, 2136419
What are the prime factors of 1333077?
3, 587, 757
List the prime factors of 1868453.
17, 131, 839
List the prime factors of 72627.
3, 43, 563
List the prime factors of 97346.
2, 48673
List the prime factors of 486718.
2, 163, 1493
List the prime factors of 895242.
2, 3, 19, 7853
What are the prime factors of 225903?
3, 257, 293
What are the prime factors of 253345?
5, 23, 2203
What are the prime factors of 6928225?
5, 97, 2857
What are the prime factors of 3148930?
2, 5, 23, 13691
What are the prime factors of 1429387?
1429387
What are the prime factors of 361983?
3, 120661
List the prime factors of 459343.
459343
List the prime factors of 2538804.
2, 3, 83, 2549
List the prime factors of 17881281.
3, 11, 23, 7853
List the prime factors of 715902.
2, 3, 11, 10847
What are the prime factors of 2148888?
2, 3, 7, 12791
What are the prime factors of 2018189?
17, 118717
List the prime factors of 813445.
5, 37, 4397
List the prime factors of 14434723.
14434723
List the prime factors of 595801.
595801
List the prime factors of 560724.
2, 3, 46727
List the prime factors of 247929.
3, 11, 683
List the prime factors of 229906.
2, 139, 827
List the prime factors of 4142717.
101, 41017
What are the prime factors of 10665920?
2, 5, 33331
List the prime factors of 25384957.
13, 1952689
What are the prime factors of 324330?
2, 3, 5, 19, 569
List the prime factors of 1115792.
2, 69737
What are the prime factors of 234397?
41, 5717
List the prime factors of 3065.
5, 613
What are the prime factors of 346476?
2, 3, 13, 2221
List the prime factors of 1842600.
2, 3, 5, 37, 83
What are the prime factors of 206619?
3, 7, 9839
What are the prime factors of 106025?
5, 4241
List the prime factors of 243904.
2, 37, 103
List the prime factors of 175574.
2, 7, 12541
What are the prime factors of 5602535?
5, 1120507
List the prime factors of 7643352.
2, 3, 318473
What are the prime factors of 213888?
2, 3, 557
List the prime factors of 1629911.
149, 10939
What are the prime factors of 9327135?
3, 5, 17, 79, 463
What are the prime factors of 1568622?
2, 3, 11, 23767
What are the prime factors of 1359732?
2, 3, 11, 10301
What are the prime factors of 1503661?
1503661
List the prime factors of 27489.
3, 7, 11, 17
List the prime factors of 5739843.
3, 19, 100699
List the prime factors of 19691179.
383, 51413
What are the prime factors of 360714?
2, 3, 79, 761
List the prime factors of 3429807.
3, 1143269
List the prime factors of 24275119.
11, 2206829
What are the prime factors of 441003?
3, 29, 37, 137
What are the prime factors of 358446?
2, 3, 11, 5431
What are the prime factors of 2589066?
2, 3, 17, 8461
What are the prime factors of 65001?
3, 47, 461
List the prime factors of 51822.
2, 3, 2879
What are the prime factors of 196553?
7, 43, 653
What are the prime factors of 608213?
608213
What are the prime factors of 8850214?
2, 4425107
List the prime factors of 2894345.
5, 29, 19961
What are the prime factors of 226434?
2, 3, 13, 2903
List the prime factors of 21835395.
3, 5, 17, 23, 73
What are the prime factors of 2780647?
2780647
List the prime factors of 13879679.
11, 1261789
List the prime factors of 2582755.
5, 7, 109, 677
List the prime factors of 36125.
5, 17
List the prime factors of 649484.
2, 11, 29, 509
What are the prime factors of 97128?
2, 3, 19, 71
List the prime factors of 1104482.
2, 552241
List the prime factors of 82988.
2, 20747
List the prime factors of 175888.
2, 10993
List the prime factors of 7435884.
2, 3, 619657
List the prime factors of 10011751.
10011751
List the prime factors of 115655.
5, 23131
What are the prime factors of 1175827?
557, 2111
What are the prime factors of 5240125?
5, 11, 37, 103
List the prime factors of 484778.
2, 7, 31, 1117
List the prime factors of 26105122.
2, 13052561
List the prime factors of 499665.
3, 5, 33311
List the prime factors of 6283043.
13, 479, 1009
List the prime factors of 709107.
3, 7, 33767
What are the prime factors of 947200?
2, 5, 37
What are the prime factors of 19359572?
2, 4839893
List the prime factors of 1849522.
2, 23, 31, 1297
What are the prime factors of 182172?
2, 3, 17, 19, 47
List the prime factors of 3301744.
2, 19, 10861
List the prime factors of 13049586.
2, 3, 11, 2441
What are the prime factors of 16899667?
41, 412187
List the prime factors of 75570.
2, 3, 5, 11, 229
What are the prime factors of 21520044?
2, 3, 7, 13, 6569
What are the prime factors of 709692?
2, 3, 59141
What are the prime factors of 1060926?
2, 3, 151, 1171
What are the prime factors of 213895?
5, 11, 3889
List the prime factors of 1925203.
7, 229, 1201
What are the prime factors of 114821?
7, 47, 349
List the prime factors of 776085.
3, 5, 31, 1669
What are the prime factors of 22052897?
22052897
List the prime factors of 639420.
2, 3, 5, 10657
What are the prime factors of 218455?
5, 43691
What are the prime factors of 141453?
3, 13, 31
List the prime factors of 1181904.
2, 3, 24623
List the prime factors of 101080.
2, 5, 7, 19
List the prime factors of 872115.
3, 5, 53, 1097
What a